[INFO] cloning repository https://github.com/lights0123/ice-70098
[INFO] running `Command { std: "git" "-c" "credential.helper=" "-c" "credential.helper=/workspace/cargo-home/bin/git-credential-null" "clone" "--bare" "https://github.com/lights0123/ice-70098" "/workspace/cache/git-repos/https%3A%2F%2Fgithub.com%2Flights0123%2Fice-70098", kill_on_drop: false }`
[INFO] [stderr] Cloning into bare repository '/workspace/cache/git-repos/https%3A%2F%2Fgithub.com%2Flights0123%2Fice-70098'...
[INFO] running `Command { std: "git" "rev-parse" "HEAD", kill_on_drop: false }`
[INFO] [stdout] 940769a9a2aaafd1b86191cf5a95e9f2c551077f
[INFO] building lights0123/ice-70098 against master#881c1ac408d93bb7adaa3a51dabab9266e82eee8 for issue-85264
[INFO] running `Command { std: "git" "clone" "/workspace/cache/git-repos/https%3A%2F%2Fgithub.com%2Flights0123%2Fice-70098" "/workspace/builds/worker-5/source", kill_on_drop: false }`
[INFO] [stderr] Cloning into '/workspace/builds/worker-5/source'...
[INFO] [stderr] done.
[INFO] validating manifest of git repo https://github.com/lights0123/ice-70098 on toolchain 881c1ac408d93bb7adaa3a51dabab9266e82eee8
[INFO] running `Command { std: "/workspace/cargo-home/bin/cargo" "+881c1ac408d93bb7adaa3a51dabab9266e82eee8" "metadata" "--manifest-path" "Cargo.toml" "--no-deps", kill_on_drop: false }`
[INFO] started tweaking git repo https://github.com/lights0123/ice-70098
[INFO] finished tweaking git repo https://github.com/lights0123/ice-70098
[INFO] tweaked toml for git repo https://github.com/lights0123/ice-70098 written to /workspace/builds/worker-5/source/Cargo.toml
[INFO] crate git repo https://github.com/lights0123/ice-70098 already has a lockfile, it will not be regenerated
[INFO] running `Command { std: "/workspace/cargo-home/bin/cargo" "+881c1ac408d93bb7adaa3a51dabab9266e82eee8" "fetch" "--manifest-path" "Cargo.toml", kill_on_drop: false }`
[INFO] [stderr]  Downloading crates ...
[INFO] [stderr]   Downloaded quote v1.0.3
[INFO] [stderr]   Downloaded proc-macro2 v1.0.10
[INFO] [stderr]   Downloaded cty v0.2.1
[INFO] [stderr]   Downloaded unicode-xid v0.2.0
[INFO] [stderr]   Downloaded syn v1.0.17
[INFO] [stderr]   Downloaded ndless-macros v0.4.0
[INFO] [stderr]   Downloaded ndless-handler v0.2.1
[INFO] [stderr]   Downloaded ndless-static-vars v2.1.0
[INFO] [stderr]   Downloaded ndless v0.8.5
[INFO] running `Command { std: "docker" "create" "-v" "/var/lib/crater-agent-workspace/builds/worker-5/target:/opt/rustwide/target:rw,Z" "-v" "/var/lib/crater-agent-workspace/builds/worker-5/source:/opt/rustwide/workdir:ro,Z" "-v" "/var/lib/crater-agent-workspace/cargo-home:/opt/rustwide/cargo-home:ro,Z" "-v" "/var/lib/crater-agent-workspace/rustup-home:/opt/rustwide/rustup-home:ro,Z" "-e" "SOURCE_DIR=/opt/rustwide/workdir" "-e" "CARGO_TARGET_DIR=/opt/rustwide/target" "-e" "CARGO_HOME=/opt/rustwide/cargo-home" "-e" "RUSTUP_HOME=/opt/rustwide/rustup-home" "-w" "/opt/rustwide/workdir" "-m" "1610612736" "--user" "0:0" "--network" "none" "ghcr.io/rust-lang/crates-build-env/linux@sha256:20528e8c29e4536546f0102ce88568b16ea7538393a33fcca951030f7af10457" "/opt/rustwide/cargo-home/bin/cargo" "+881c1ac408d93bb7adaa3a51dabab9266e82eee8" "metadata" "--no-deps" "--format-version=1", kill_on_drop: false }`
[INFO] [stderr] WARNING: Your kernel does not support swap limit capabilities or the cgroup is not mounted. Memory limited without swap.
[INFO] [stdout] 794811a37cd85c077b2bef27d71ea9961b48f158c2fb33dd488faa140fdfe7cb
[INFO] running `Command { std: "docker" "start" "-a" "794811a37cd85c077b2bef27d71ea9961b48f158c2fb33dd488faa140fdfe7cb", kill_on_drop: false }`
[INFO] running `Command { std: "docker" "inspect" "794811a37cd85c077b2bef27d71ea9961b48f158c2fb33dd488faa140fdfe7cb", kill_on_drop: false }`
[INFO] running `Command { std: "docker" "rm" "-f" "794811a37cd85c077b2bef27d71ea9961b48f158c2fb33dd488faa140fdfe7cb", kill_on_drop: false }`
[INFO] [stdout] 794811a37cd85c077b2bef27d71ea9961b48f158c2fb33dd488faa140fdfe7cb
[INFO] running `Command { std: "docker" "create" "-v" "/var/lib/crater-agent-workspace/builds/worker-5/target:/opt/rustwide/target:rw,Z" "-v" "/var/lib/crater-agent-workspace/builds/worker-5/source:/opt/rustwide/workdir:ro,Z" "-v" "/var/lib/crater-agent-workspace/cargo-home:/opt/rustwide/cargo-home:ro,Z" "-v" "/var/lib/crater-agent-workspace/rustup-home:/opt/rustwide/rustup-home:ro,Z" "-e" "SOURCE_DIR=/opt/rustwide/workdir" "-e" "CARGO_TARGET_DIR=/opt/rustwide/target" "-e" "CARGO_INCREMENTAL=0" "-e" "RUST_BACKTRACE=full" "-e" "RUSTFLAGS=--cap-lints=forbid" "-e" "CARGO_HOME=/opt/rustwide/cargo-home" "-e" "RUSTUP_HOME=/opt/rustwide/rustup-home" "-w" "/opt/rustwide/workdir" "-m" "1610612736" "--user" "0:0" "--network" "none" "ghcr.io/rust-lang/crates-build-env/linux@sha256:20528e8c29e4536546f0102ce88568b16ea7538393a33fcca951030f7af10457" "/opt/rustwide/cargo-home/bin/cargo" "+881c1ac408d93bb7adaa3a51dabab9266e82eee8" "build" "--frozen" "--message-format=json", kill_on_drop: false }`
[INFO] [stdout] 59e52b6598afbeff293f76d6f1aee81bbd641e3f1492e820d3c4d135e68c5b20
[INFO] [stderr] WARNING: Your kernel does not support swap limit capabilities or the cgroup is not mounted. Memory limited without swap.
[INFO] running `Command { std: "docker" "start" "-a" "59e52b6598afbeff293f76d6f1aee81bbd641e3f1492e820d3c4d135e68c5b20", kill_on_drop: false }`
[INFO] [stderr]    Compiling memchr v2.3.3
[INFO] [stderr]    Compiling cty v0.1.5
[INFO] [stderr]    Compiling syn v1.0.17
[INFO] [stderr]    Compiling ndless-static-vars v2.1.0
[INFO] [stderr]    Compiling ndless-sys v0.2.0
[INFO] [stderr]    Compiling cstr_core v0.1.2
[INFO] [stderr]    Compiling embedded-ffi v0.1.2
[INFO] [stderr]    Compiling ndless-macros v0.4.0
[INFO] [stderr]    Compiling ndless v0.8.5
[INFO] [stdout] error[E0599]: no method named `get_mut` found for union `MaybeUninit<[u8; 8192]>` in the current scope
[INFO] [stdout]    --> /opt/rustwide/cargo-home/registry/src/github.com-1ecc6299db9ec823/ndless-0.8.5/src/file_io/io/util.rs:54:39
[INFO] [stdout]     |
[INFO] [stdout] 54  |         reader.initializer().initialize(buf.get_mut());
[INFO] [stdout]     |                                             ^^^^^^^ method not found in `MaybeUninit<[u8; 8192]>`
[INFO] [stdout]     |
[INFO] [stdout] help: consider wrapping the receiver expression with the appropriate type
[INFO] [stdout]     |
[INFO] [stdout] 54  |         reader.initializer().initialize(Pin::new(&mut buf).get_mut());
[INFO] [stdout]     |                                         ^^^^^^^^^^^^^    ^
[INFO] [stdout] 
[INFO] [stdout] 
[INFO] [stdout] error[E0599]: no method named `get_mut` found for union `MaybeUninit<[u8; 8192]>` in the current scope
[INFO] [stdout]    --> /opt/rustwide/cargo-home/registry/src/github.com-1ecc6299db9ec823/ndless-0.8.5/src/file_io/io/util.rs:59:44
[INFO] [stdout]     |
[INFO] [stdout] 59  |         let len = match reader.read(unsafe { buf.get_mut() }) {
[INFO] [stdout]     |                                                  ^^^^^^^ method not found in `MaybeUninit<[u8; 8192]>`
[INFO] [stdout]     |
[INFO] [stdout] help: consider wrapping the receiver expression with the appropriate type
[INFO] [stdout]     |
[INFO] [stdout] 59  |         let len = match reader.read(unsafe { Pin::new(&mut buf).get_mut() }) {
[INFO] [stdout]     |                                              ^^^^^^^^^^^^^    ^
[INFO] [stdout] 
[INFO] [stdout] 
[INFO] [stdout] error[E0599]: no method named `get_ref` found for union `MaybeUninit<[u8; 8192]>` in the current scope
[INFO] [stdout]    --> /opt/rustwide/cargo-home/registry/src/github.com-1ecc6299db9ec823/ndless-0.8.5/src/file_io/io/util.rs:65:34
[INFO] [stdout]     |
[INFO] [stdout] 65  |         writer.write_all(unsafe { &buf.get_ref()[..len] })?;
[INFO] [stdout]     |                                        ^^^^^^^ method not found in `MaybeUninit<[u8; 8192]>`
[INFO] [stdout]     |
[INFO] [stdout] help: consider wrapping the receiver expression with the appropriate type
[INFO] [stdout]     |
[INFO] [stdout] 65  |         writer.write_all(unsafe { &Pin::new(&buf).get_ref()[..len] })?;
[INFO] [stdout]     |                                    ^^^^^^^^^^   ^
[INFO] [stdout] 
[INFO] [stdout] 
[INFO] [stdout] error: aborting due to 3 previous errors
[INFO] [stdout] 
[INFO] [stdout] 
[INFO] [stdout] For more information about this error, try `rustc --explain E0599`.
[INFO] [stdout] 
[INFO] [stderr] error: could not compile `ndless`
[INFO] [stderr] 
[INFO] [stderr] To learn more, run the command again with --verbose.
[INFO] running `Command { std: "docker" "inspect" "59e52b6598afbeff293f76d6f1aee81bbd641e3f1492e820d3c4d135e68c5b20", kill_on_drop: false }`
[INFO] running `Command { std: "docker" "rm" "-f" "59e52b6598afbeff293f76d6f1aee81bbd641e3f1492e820d3c4d135e68c5b20", kill_on_drop: false }`
[INFO] [stdout] 59e52b6598afbeff293f76d6f1aee81bbd641e3f1492e820d3c4d135e68c5b20
